 -1 + 12*n**2 + n**3 - 19*n**2 - 1 + 8*n. Suppose 2*b + 3*g - 4 = 14, -5*g = -10. What are the prime factors of q(b)?
2, 5
Let v(i) = -i**2 + i + 28. Suppose -y - y + 6 = 0, m = y - 3. What are the prime factors of v(m)?
2, 7
Let b = 43 - 19. What are the prime factors of b?
2, 3
Let f(s) = s**3 - 11*s**2 + 11*s + 26. List the prime factors of f(12).
2, 151
Suppose 5*m + 4*u = 331 + 20, -5*u = 5. What are the prime factors of m?
71
Let y be ((-35)/(-20))/(1/76). Suppose 2*o + y = -5*d - 161, 0 = -5*d + o - 303. What are the prime factors of d/(-9) - 4/6?
2, 3
Let b(c) = c**3 - 11*c**2 + 4. Let p = 40 + -29. List the prime factors of b(p).
2
Let k(t) = 3*t**2 + 5*t - 1. List the prime factors of k(-4).
3
Let o(l) = 4*l + 3 - l**2 - 10 + 2*l**2. Let i be o(-6). Suppose -g - i + 17 = 0. What are the prime factors of g?
2, 3
Let t(q) = 36*q + 11. What are the prime factors of t(6)?
227
What are the prime factors of ((-4)/(-12))/((-2)/(-48))?
2
Let c = -95 - -151. What are the prime factors of c/4 + -2 + 4?
2
Let r(d) = 64*d**2 + 2*d + 3. What are the prime factors of r(-1)?
5, 13
Suppose 2*i - 125 = -0*i + 3*m, 3*i - 189 = 3*m. Let p = -25 + i. List the prime factors of p.
3, 13
Let p be -5*(4 + -3)/(-1). Suppose -4*m = 4*x - 80, -m - p = 3*x - 33. Suppose m = 2*i - i. List the prime factors of i.
2
Let s(y) = y**3 - 10*y**2 + 8*y + 11. Let g be s(9). Suppose 3*a + 82 = 5*k + 4*a, -g*k + 37 = -a. What are the prime factors of k?
17
Suppose 0 = 2*i - 6*i, 5*d + 2*i = 95. What are the prime factors of d?
19
Let t = 96 + -259. List the prime factors of t/(-7) + (-10)/35.
23
Let l be (3/6*0)/(-1). Suppose -3*y + 12 = -l*y. Suppose 0 = -y*n + 7 + 25. What are the prime factors of n?
2
Suppose -13 = l + 4*u, -2*l - 5*u - 15 + 1 = 0. Suppose 19 + 32 = l*z. Suppose -2*t + 5*b = -30, 5*t = -0*t - 2*b + z. What are the prime factors of t?
5
Let j = 339 - 106. List the prime factors of j.
233
List the prime factors of 9*(23 + 3 - 3).
3, 23
List the prime factors of -3*(-3)/(-9)*-11.
11
Suppose w + 0 = 18. What are the prime factors of w?
2, 3
Let v be 4/2*(0 + 4). Let c = v + 26. List the prime factors of (c + -1)*(-2)/(-6).
11
Suppose 0 = -a + 19 + 26. Suppose 3*m = -0*m + a. List the prime factors of m.
3, 5
Let b = 121 + 52. What are the prime factors of b?
173
Let c(w) = -w**2 - 14*w + 31. List the prime factors of c(-14).
31
Let u be (-156)/(-16) + 2/8. Suppose 5*s = -3*r + 1, -3*s - 5*r + 1 = u. What are the prime factors of s?
2
Let n(u) = -u + 4. Let y be n(0). Suppose 7*k - y*k = 45. List the prime factors of k.
3, 5
Let f = 30 - 13. What are the prime factors of f?
17
Let p be (-14)/4 - (-1)/(-2). Let g = 1 - p. Suppose -60 = -4*h + g*q, 0 = 5*q - 0*q + 20. List the prime factors of h.
2, 5
Let x(h) = -2*h. Let c be (0 - 3)*88/(-12). Suppose -5*a - c - 3 = 0. What are the prime factors of x(a)?
2, 5
Let x = -125 + 255. Suppose 0 = 4*v - 378 + x. Suppose -k + 4*k - j = 38, -5*k + 2*j + v = 0. List the prime factors of k.
2, 7
What are the prime factors of (4 + 92/20)*5?
43
List the prime factors of (5 - 3)*31 + 0.
2, 31
Let n(t) = t - 7. Let j be n(5). List the prime factors of j/(((-2)/2)/4).
2
Let s = -43 + 61. What are the prime factors of s?
2, 3
Suppose z - 4 = -0*z. Suppose -4*p + 111 = -5*g, -p + 6*g = g - 39. Suppose 0*y = z*y - p. What are the prime factors of y?
2, 3
Suppose y - 13 = -0*y. List the prime factors of y.
13
Let k(f) = f**2 + 3*f + 3. Let b(d) = -d**2 + 8*d - 4. Let z be b(8). What are the prime factors of k(z)?
7
Let l be 2 - (2 - (-14)/(-2)). List the prime factors of 183/21 + 2/l.
3
Let b(u) = -u**3 + 11*u**2 - 9*u - 3. Let i be b(10). Let n = -1 + i. What are the prime factors of n?
2, 3
Let q(x) = 3*x - 8. Let s be q(3). Suppose 0 = -4*t - 3*r + 112, 4*r = -t - 0*r + 41. Suppose s - t = -3*u. What are the prime factors of u?
2
What are the prime factors of 11 + -5 + -1 + 121?
2, 3, 7
Let c = 61 + 35. List the prime factors of c.
2, 3
Let v be (3 - (-22)/(-6))*-6. Suppose 0*j - 3*d - 60 = -3*j, -2*d + 56 = v*j. Suppose j = -g + 5*g. List the prime factors of g.
2
Let a(b) = -b**2 - 8*b - 8. Let v be a(-6). Suppose v*q + 4 = 3*q. Let z(d) = -d**3 - 4*d**2 - 6*d - 5. What are the prime factors of z(q)?
19
Let j(p) be the first derivative of p**4/2 - 3*p**2/2 + 2*p + 2. What are the prime factors of j(2)?
2, 3
Let h(i) = -i**2 + 4*i + 2. Let c be h(4). Suppose -b + 2*b = c. Suppose -b*p = 4*n - 24, -n = p - 3*n + 8. What are the prime factors of p?
2
Let l be (6/(-4))/((-3)/(-6)). Let d be ((-70)/(-21))/((-2)/l). Suppose 12 = q - 3*u, 2*u - 35 = -d*q + 25. List the prime factors of q.
2, 3
Suppose 4*n = 3*f - 41, -2*n + 33 = -4*f + 91. Suppose -5*y + 3*y = -3*z + f, 2*y = z - 9. List the prime factors of z.
3
Let k(l) = -l**2 + l + 3. Let n be k(0). Let z(m) = m**3 + m**2 + 3*m - 5. List the prime factors of z(n).
2, 5
Let c(n) be the first derivative of n**5/30 - n**4/24 + n**3/3 + 3*n**2/2 + 1. Let o(g) be the second derivative of c(g). What are the prime factors of o(-2)?
2, 3
Let t = 1 + 4. Suppose 3*c + 2*c = t*g + 215, -c + 46 = -4*g. Suppose -n + 16 = -2*k, -4*n + 3*k - 6*k + c = 0. What are the prime factors of n?
2, 3
Suppose 0 = -p - 3*g - 20, 5*g + 0*g = -25. Let k = p - -14. List the prime factors of k.
3
Let c = 8 + 29. List the prime factors of c.
37
Suppose 175 = 3*z + 2*z. Suppose a - 30 = -4*a. Suppose s = a*s - z. List the prime factors of s.
7
Suppose 91 - 15 = 4*z. Suppose l - z = 6. What are the prime factors of l?
5
Suppose 3*r - 2*j = 6, 3*j + 9 = 3*r - 8*r. Suppose -3*a = -10 - 5. Suppose -4*b + r*b = 4*n - 16, a*n = 3*b - 4. What are the prime factors of b?
3
Let x(h) = 14*h**2 - h + 1 - 2 + 2 + 2*h. List the prime factors of x(-1).
2, 7
Let i = 310 + -132. What are the prime factors of i?
2, 89
Suppose -4*c - s = -8, 4*s = c - 0*s - 2. Let i be (1 - -1)*3/3. Suppose -5*o - c*n = 2*n - 17, 29 = 5*o - i*n. List the prime factors of o.
5
Suppose 0 = -4*i - 131 - 5. What are the prime factors of (1 - 4)*i/6?
17
Suppose 27*b = 28*b - 120. What are the prime factors of b?
2, 3, 5
Let b = 2 - 2. Suppose b = m - 2*g + 1, 5*m - 2*g + 41 - 4 = 0. Let n = 16 + m. List the prime factors of n.
7
Let i = -63 + 33. Let f = -17 - i. What are the prime factors of f?
13
Suppose 0 = -3*x - 93 + 411. List the prime factors of x.
2, 53
Suppose 4*f + 252 = 8*f. What are the prime factors of f?
3, 7
Let t = -9 + 19. Suppose k - 35 = -t. List the prime factors of k.
5
Let i(f) = 10*f**2 - 2*f + 1. Suppose -2*g + g + 7 = 0. Suppose 0*d - d = -4*r + g, -4*d - 8 = 4*r. What are the prime factors of i(r)?
3
Let p = -8 - -6. Let d be (-5 + 14)*p/(-6). List the prime factors of ((-1)/d)/(4/(-36)).
3
Suppose 0 = 2*o - i - 3*i - 26, -3*o - 4*i = 11. Let b = o + 5. Let y = b - -4. List the prime factors of y.
2, 3
Let x(m) = m**3 - 5*m**2 + 3*m - 3. Suppose 4*y - 4 = 5*y. Let i be (-18)/y - (-5)/10. What are the prime factors of x(i)?
2, 3
Let w = 58 - -3. List the prime factors of w.
61
What are the prime factors of (-3)/(-6) + (-417)/(-6)?
2, 5, 7
Suppose a - 3 = 0, -h = -3*h - 2*a + 14. Let u = h + -1. List the prime factors of 4/6*9/u.
2
Let m be 328/(-12)*(-3)/2. Suppose 4*j - f = 24, -3*f + m = 5*j - 7*f. Suppose 0 = -s - j*a, s - 5*a = -27 + 67. List the prime factors of s.
2, 5
Suppose 5*a = 99 + 211. Suppose d - 4*i = 27, -6*d + 4*i = -4*d - a. List the prime factors of d.
5, 7
Suppose -4*c + 2*x + 306 = 0, -4*c + 5*x = -22 - 281. List the prime factors of c.
7, 11
Suppose -18*a + 22*a - 492 = 0. What are the prime factors of (a/6)/((-4)/(-8))?
41
Let x(f) = 7*f**2 + 14*f + 9. Let z(a) = 3*a**2 + 7*a + 4. Let n(l) = 2*x(l) - 5*z(l). List the prime factors of n(-6).
2
Suppose -30 = 5*a + 5*t - 2*t, -a - 6 = -4*t. Let s(o) = o**3 + 6*o**2 - 2*o + 1. What are the prime factors of s(a)?
13
Let x be (-1)/((-2)/(-3))*20. Let g(b) = b**3 - 5*b**2 - 2*b + 6. Let u be g(4). Let h = u - x. List the prime factors of h.
2, 3
Let w = -107 - -196. What are the prime factors of w?
89
List the prime factors of (88/11)/(2/75).
2, 3, 5
Let i = 13 - 29. Suppose 0 = -5*p + y + 15 - 1, -3*y = -4*p + 20. What are the prime factors of (-1 + p + -2)*i?
2
Suppose 0 = q - 0*q - 29. List the prime factors of q.
29
Suppose 0*r = r, n = r + 4. Let